?
True
Is 30294619037 a prime number?
False
Is 1519508507 composite?
True
Is 2084159503 prime?
True
Is 20355490913 a composite number?
True
Is 48243527977 composite?
False
Is 89608678811 prime?
True
Is 127467929 prime?
True
Is 140314367 a prime number?
False
Is 592119478 a prime number?
False
Is 8677461833 prime?
True
Is 57839595011 a composite number?
True
Is 3817793219 a composite number?
True
Is 904728841 composite?
True
Is 11841404881 prime?
True
Is 3368511651 composite?
True
Is 669715027 composite?
False
Is 3983616049 prime?
False
Is 7725851591 composite?
False
Is 29207951089 prime?
False
Is 1349793043 a composite number?
True
Is 485213107 prime?
True
Is 2628921767 a prime number?
True
Is 7919951 a composite number?
True
Is 788658947 a composite number?
False
Is 32610920143 a composite number?
False
Is 4588490411 a prime number?
False
Is 1154588051 prime?
False
Is 1233908609 a composite number?
False
Is 222717375577 a prime number?
True
Is 56456969761 composite?
True
Is 7287025891 a composite number?
False
Is 2011865243 a prime number?
False
Is 15831460259 composite?
True
Is 311134091 composite?
False
Is 312009383 composite?
True
Is 122594274809 prime?
True
Is 133459793 prime?
True
Is 13204548943 prime?
True
Is 25506692507 composite?
True
Is 3153386419 prime?
False
Is 24972749678 prime?
False
Is 280848388241 a composite number?
False
Is 1083708811 prime?
False
Is 185235962641 a prime number?
True
Is 893440781429 a composite number?
True
Is 322205659 a composite number?
False
Is 1493651629 a composite number?
False
Is 3027953161 a prime number?
False
Is 76153153 prime?
False
Is 1146846949 composite?
True
Is 40106975563 prime?
False
Is 12331218829 composite?
False
Is 77017896911 a prime number?
True
Is 987561661 a prime number?
False
Is 15335325701 composite?
True
Is 8811463093 a composite number?
True
Is 5520591187 a prime number?
False
Is 700778833 a prime number?
False
Is 1663916461 composite?
False
Is 97429043 a composite number?
False
Is 1730938667 composite?
False
Is 121566326359 a composite number?
True
Is 22588206059 a prime number?
True
Is 672065494 a composite number?
True
Is 150578203 composite?
False
Is 455240827 a prime number?
True
Is 14550898177 a prime number?
True
Is 10220945753 a composite number?
True
Is 57463229 composite?
True
Is 539073673 a prime number?
False
Is 4780016207 composite?
True
Is 371623531 a composite number?
False
Is 32797000051 composite?
True
Is 1963381369 prime?
False
Is 158674037798 composite?
True
Is 53510645941 a prime number?
True
Is 76150973909 composite?
True
Is 386445911 a composite number?
False
Is 2478175649 composite?
False
Is 30502058599 a composite number?
False
Is 22502381527 a composite number?
True
Is 19784873 prime?
False
Is 6892484281 a composite number?
True
Is 2867261669 a prime number?
True
Is 20880149219 a composite number?
False
Is 8132590001 composite?
True
Is 1076114489 a prime number?
True
Is 261130343 a composite number?
False
Is 179999431 a prime number?
True
Is 358783507 a prime number?
False
Is 216544481 a composite number?
False
Is 21553190621 a prime number?
False
Is 1385423717 a composite number?
False
Is 59133665 a composite number?
True
Is 13367445887 composite?
False
Is 3798750401 composite?
False
Is 6553482231 composite?
True
Is 1937358151 prime?
True
Is 1630587931 a prime number?
False
Is 6303063233 composite?
True
Is 123177143 a composite number?
False
Is 1100394406 prime?
False
Is 5380386419 a composite number?
True
Is 7303503247 prime?
True
Is 25704636961 a prime number?
True
Is 2379174751 a prime number?
False
Is 4715455737 a prime number?
False
Is 45073807507 prime?
False
Is 11259707 composite?
True
Is 162655277 prime?
True
Is 1919419319 prime?
True
Is 2205531997 composite?
False
Is 2336611759 composite?
False
Is 77313993931 prime?
False
Is 545430673 composite?
False
Is 303407249 composite?
False
Is 14465526461 prime?
True
Is 4247773417 a prime number?
True
Is 133242016847 a prime number?
True
Is 56260502141 a prime number?
True
Is 1521118609 a prime number?
True
Is 19926898759 a prime number?
True
Is 458167933 composite?
False
Is 51187261793 composite?
False
Is 20474250367 prime?
False
Is 11124973121 a prime number?
True
Is 2571813719 prime?
False
Is 416159207 a prime number?
True
Is 30841680263 composite?
True
Is 19747356259 prime?
True
Is 2417918821 a composite number?
True
Is 2841653957 prime?
True
Is 174964841 composite?
True
Is 35500749027 a prime number?
False
Is 3188167187 a composite number?
True
Is 8298098317 a composite number?
False
Is 663663474791 prime?
True
Is 6288241907 prime?
False
Is 2827524631 prime?
True
Is 10782604853 composite?
True
Is 9994051997 a composite number?
False
Is 1396980941 prime?
True
Is 418100819 a composite number?
True
Is 1457297389 composite?
False
Is 1348537579 prime?
True
Is 7893267419 a prime number?
False
Is 3764516621 a prime number?
False
Is 39325207499 a composite number?
False
Is 812842897 a composite number?
False
Is 7371929423 a prime number?
True
Is 7595120837 prime?
False
Is 179058479 a prime number?
False
Is 9729330181 a prime number?
False
Is 5580490901 composite?
False
Is 7755330797 a prime number?
True
Is 1609364959 prime?
False
Is 7607294627 composite?
False
Is 32041466911 prime?
False
Is 212926267 prime?
False
Is 25643397977 composite?
False
Is 14915398843 a composite number?
True
Is 3450835571 a composite number?
True
Is 32541268481 composite?
False
Is 1885324073 composite?
False
Is 12196403 a composite number?
True
Is 4425334639 composite?
True
Is 1231408405 a prime number?
False
Is 52564266031 composite?
False
Is 17363258513 a composite number?
True
Is 598636307 a composite number?
True
Is 3509458553 a prime number?
False
Is 801142189 composite?
False
Is 699210749 a prime number?
True
Is 201977617 a composite number?
True
Is 8245879413 a composite number?
True
Is 31781861 prime?
True
Is 110932948109 composite?
True
Is 13349091157 a prime number?
True
Is 2156015707 prime?
True
Is 48541023977 composite?
True
Is 40855814501 prime?
False
Is 8295150341 prime?
True
Is 25423416037 prime?
False
Is 80854799 composite?
True
Is 33564318329 a prime number?
True
Is 1164831737 prime?
True
Is 2292331957 prime?
False
Is 2178202907 prime?
True
Is 2626479389 a composite number?
True
Is 3139272677 a composite number?
False
Is 5240631401 prime?
True
Is 6192850091 a prime number?
True
Is 10027171897 composite?
True
Is 1162727941 composite?
False
Is 31206957167 prime?
True
Is 6817639111 a prime number?
True
Is 5784060647 composite?
True
Is 1503068246 composite?
True
Is 666841355 a composite number?
True
Is 73082029187 composite?
True
Is 34194684431 prime?
True
Is 2096311493 a composite number?
False
Is 541564169 a composite number?
True
Is 34661437 a composite number?
True
Is 39051442 composite?
True
Is 1853174143 prime?
True
Is 1012267154 prime?
False
Is 1322685053 prime?
True
Is 25032031 a composite number?
False
Is 297126061 a prime number?
False
Is 69819055661 a composite number?
True
Is 33806047637 a prime number?
True
Is 196116353 composite?
False
Is 248858507 prime?
False
Is 15689954935 a prime number?
False
Is 1075859573 composite?
False
Is 1596169493 a prime number?
False
Is 1542124187 composite?
True
Is 3375686161 a composite number?
True
Is 43840997273 prime?
True
Is 67558180517 a composite number?
False
Is 647368471 prime?
True
Is 6737858227 a composite number?
False
Is 493617269 prime?
True
Is 17004153289 a composite number?
False
Is 433556807 prime?
True
Is 2755541315 prime?
False
Is 61674329309 prime?
True
Is 598046767 a composite number?
True
Is 429185747 composite?
True
Is 4086086483 a prime number?
True
Is 7709049371 a prime number?
True
Is 7592799367 composite?
False
Is 529281887 prime?
True
Is 2045109019 a composite number?
False
Is 5284026353 a prime number?
False
Is 150868567 a prime number?
False
Is 4239227887 composite?
False
Is 6504071377 prime?
True
Is 219521314945 prime?
False
Is 5675257859 a prime number?
True
Is 707600863 prime?
True
Is 551681209 a composite number?
False
Is 2462914393 a prime number?
True
Is 1087879811 prime?
True
Is 48048059 prime?
True
Is 5821716151 a prime number?
True
Is 22236221621 a prime number?
True
Is 55660113359 composite?
False
Is 4767228881 prime?
True
Is 34071